{"id":7055,"date":"2023-05-16T20:13:49","date_gmt":"2023-05-16T20:13:49","guid":{"rendered":"https:\/\/hafidoune-academy.com\/finance-islamique\/?page_id=7055"},"modified":"2023-05-16T20:13:49","modified_gmt":"2023-05-16T20:13:49","slug":"moudaraba","status":"publish","type":"page","link":"https:\/\/www.bdl.dz\/finance-islamique\/?page_id=7055","title":{"rendered":"moudaraba"},"content":{"rendered":"\t\t<div data-elementor-type=\"wp-page\" data-elementor-id=\"7055\" class=\"elementor elementor-7055\">\n\t\t\t\t<div class=\"elementor-element elementor-element-f2f0d3f e-flex e-con-boxed wpr-particle-no wpr-jarallax-no wpr-parallax-no wpr-sticky-section-no e-con e-parent\" data-id=\"f2f0d3f\" data-element_type=\"container\" data-e-type=\"container\">\n\t\t\t\t\t<div class=\"e-con-inner\">\n\t\t\t\t<div class=\"elementor-element elementor-element-a8eec58 elementor-widget elementor-widget-ct_title\" data-id=\"a8eec58\" data-element_type=\"widget\" data-e-type=\"widget\" data-widget_type=\"ct_title.default\">\n\t\t\t\t<div class=\"elementor-widget-container\">\n\t\t\t\t\t<div class=\"ct-title1 style2\">\r\n    <h3>\r\n        <span>D\u00e9p\u00f4ts en compte d\u2019investissement \u2013MOUDARABA<\/span>\r\n        <i><\/i>\r\n    <\/h3>\r\n<\/div>\t\t\t\t<\/div>\n\t\t\t\t<\/div>\n\t\t\t\t\t<\/div>\n\t\t\t\t<\/div>\n\t\t<div class=\"elementor-element elementor-element-13df884 e-flex e-con-boxed wpr-particle-no wpr-jarallax-no wpr-parallax-no wpr-sticky-section-no e-con e-parent\" data-id=\"13df884\" data-element_type=\"container\" data-e-type=\"container\">\n\t\t\t\t\t<div class=\"e-con-inner\">\n\t\t<div class=\"elementor-element elementor-element-8c39406 e-con-full e-flex wpr-particle-no wpr-jarallax-no wpr-parallax-no wpr-sticky-section-no e-con e-child\" data-id=\"8c39406\" data-element_type=\"container\" data-e-type=\"container\">\n\t\t\t\t<div class=\"elementor-element elementor-element-6a5b92d elementor-widget elementor-widget-text-editor\" data-id=\"6a5b92d\" data-element_type=\"widget\" data-e-type=\"widget\" data-widget_type=\"text-editor.default\">\n\t\t\t\t<div class=\"elementor-widget-container\">\n\t\t\t\t\t\t\t\t\t<h6>Qu&#8217;est-ce que c&#8217;est ?<\/h6>\t\t\t\t\t\t\t\t<\/div>\n\t\t\t\t<\/div>\n\t\t\t\t<div class=\"elementor-element elementor-element-3c3fad3 elementor-widget elementor-widget-text-editor\" data-id=\"3c3fad3\" data-element_type=\"widget\" data-e-type=\"widget\" data-widget_type=\"text-editor.default\">\n\t\t\t\t<div class=\"elementor-widget-container\">\n\t\t\t\t\t\t\t\t\t<p>Le d\u00e9p\u00f4t en compte d\u2019investissement \u2013MOUDARABA est un produit de placement, il permet au client d\u2019investir ses fonds dans des op\u00e9rations de la finance islamique, conform\u00e9ment aux pr\u00e9ceptes charaiques, y compris le principe de partage des pertes et des profits, et ce en fonction des r\u00e9sultats r\u00e9alis\u00e9s par l\u2019activit\u00e9 des guichets islamiques et la cl\u00e9 de r\u00e9partition convenue \u00e0 l\u2019avance<\/p>\t\t\t\t\t\t\t\t<\/div>\n\t\t\t\t<\/div>\n\t\t\t\t<div class=\"elementor-element elementor-element-8302d25 elementor-widget elementor-widget-text-editor\" data-id=\"8302d25\" data-element_type=\"widget\" data-e-type=\"widget\" data-widget_type=\"text-editor.default\">\n\t\t\t\t<div class=\"elementor-widget-container\">\n\t\t\t\t\t\t\t\t\t<h6>Population concern\u00e9e\u00a0<\/h6>\t\t\t\t\t\t\t\t<\/div>\n\t\t\t\t<\/div>\n\t\t\t\t<div class=\"elementor-element elementor-element-cf786d2 elementor-widget elementor-widget-ct_list\" data-id=\"cf786d2\" data-element_type=\"widget\" data-e-type=\"widget\" data-widget_type=\"ct_list.default\">\n\t\t\t\t<div class=\"elementor-widget-container\">\n\t\t\t\t\t    <div class=\"ct-list style1 \">\r\n                    <div class=\"ct-list-item\">\r\n            \t<div class=\"ct-list-icon\"><i class=\"fac fac-check-circle\"><\/i><\/div>\r\n            \t<div class=\"ct-list-meta\">\r\n\t            \t\t            \t<div class=\"ct-list-desc\">\r\n\t            \t\tToute personne physique ou morale quelle que soit sa nature\t            \t<\/div>\r\n\t            <\/div>\r\n           <\/div>\r\n            <\/div>\r\n\t\t\t\t<\/div>\n\t\t\t\t<\/div>\n\t\t\t\t<\/div>\n\t\t<div class=\"elementor-element elementor-element-69900be e-con-full e-flex wpr-particle-no wpr-jarallax-no wpr-parallax-no wpr-sticky-section-no e-con e-child\" data-id=\"69900be\" data-element_type=\"container\" data-e-type=\"container\">\n\t\t\t\t<div class=\"elementor-element elementor-element-61b2c95 elementor-widget elementor-widget-text-editor\" data-id=\"61b2c95\" data-element_type=\"widget\" data-e-type=\"widget\" data-widget_type=\"text-editor.default\">\n\t\t\t\t<div class=\"elementor-widget-container\">\n\t\t\t\t\t\t\t\t\t<h6>Dur\u00e9e<\/h6>\t\t\t\t\t\t\t\t<\/div>\n\t\t\t\t<\/div>\n\t\t\t\t<div class=\"elementor-element elementor-element-a222ad7 elementor-widget elementor-widget-ct_list\" data-id=\"a222ad7\" data-element_type=\"widget\" data-e-type=\"widget\" data-widget_type=\"ct_list.default\">\n\t\t\t\t<div class=\"elementor-widget-container\">\n\t\t\t\t\t    <div class=\"ct-list style1 \">\r\n                    <div class=\"ct-list-item\">\r\n            \t<div class=\"ct-list-icon\"><i class=\"fac fac-check-circle\"><\/i><\/div>\r\n            \t<div class=\"ct-list-meta\">\r\n\t            \t\t            \t<div class=\"ct-list-desc\">\r\n\t            \t\tLa dur\u00e9e du placement s\u2019\u00e9tale de 12 \u00e0 60 mois renouvelables,\t            \t<\/div>\r\n\t            <\/div>\r\n           <\/div>\r\n            <\/div>\r\n\t\t\t\t<\/div>\n\t\t\t\t<\/div>\n\t\t\t\t<div class=\"elementor-element elementor-element-79ce8ad elementor-widget elementor-widget-text-editor\" data-id=\"79ce8ad\" data-element_type=\"widget\" data-e-type=\"widget\" data-widget_type=\"text-editor.default\">\n\t\t\t\t<div class=\"elementor-widget-container\">\n\t\t\t\t\t\t\t\t\t<h6>Avantages<\/h6>\t\t\t\t\t\t\t\t<\/div>\n\t\t\t\t<\/div>\n\t\t\t\t<div class=\"elementor-element elementor-element-dbdbb26 elementor-widget elementor-widget-ct_list\" data-id=\"dbdbb26\" data-element_type=\"widget\" data-e-type=\"widget\" data-widget_type=\"ct_list.default\">\n\t\t\t\t<div class=\"elementor-widget-container\">\n\t\t\t\t\t    <div class=\"ct-list style1 \">\r\n                    <div class=\"ct-list-item\">\r\n            \t<div class=\"ct-list-icon\"><i class=\"fac fac-check-circle\"><\/i><\/div>\r\n            \t<div class=\"ct-list-meta\">\r\n\t            \t\t            \t<div class=\"ct-list-desc\">\r\n\t            \t\tGains : R\u00e9partition avantageuse et comp\u00e9titive ;\t            \t<\/div>\r\n\t            <\/div>\r\n           <\/div>\r\n                    <div class=\"ct-list-item\">\r\n            \t<div class=\"ct-list-icon\"><i class=\"fac fac-check-circle\"><\/i><\/div>\r\n            \t<div class=\"ct-list-meta\">\r\n\t            \t\t            \t<div class=\"ct-list-desc\">\r\n\t            \t\tConformit\u00e9 : Les fonds sont investis selon les m\u00e9canismes de la Finance Islamique et dans des projets conformes aux pr\u00e9ceptes de la Charia.\t            \t<\/div>\r\n\t            <\/div>\r\n           <\/div>\r\n            <\/div>\r\n\t\t\t\t<\/div>\n\t\t\t\t<\/div>\n\t\t\t\t<\/div>\n\t\t\t\t\t<\/div>\n\t\t\t\t<\/div>\n\t\t<div class=\"elementor-element elementor-element-7e20426 e-flex e-con-boxed wpr-particle-no wpr-jarallax-no wpr-parallax-no wpr-sticky-section-no e-con e-parent\" data-id=\"7e20426\" data-element_type=\"container\" data-e-type=\"container\">\n\t\t\t\t\t<div class=\"e-con-inner\">\n\t\t\t\t<div class=\"elementor-element elementor-element-ce18064 elementor-widget__width-initial elementor-widget elementor-widget-ct_title\" data-id=\"ce18064\" data-element_type=\"widget\" data-e-type=\"widget\" data-widget_type=\"ct_title.default\">\n\t\t\t\t<div class=\"elementor-widget-container\">\n\t\t\t\t\t<div class=\"ct-title1 style2\">\r\n    <h3>\r\n        <span>FAQ<\/span>\r\n        <i><\/i>\r\n    <\/h3>\r\n<\/div>\t\t\t\t<\/div>\n\t\t\t\t<\/div>\n\t\t\t\t\t<\/div>\n\t\t\t\t<\/div>\n\t\t<div class=\"elementor-element elementor-element-8e7583a e-flex e-con-boxed wpr-particle-no wpr-jarallax-no wpr-parallax-no wpr-sticky-section-no e-con e-parent\" data-id=\"8e7583a\" data-element_type=\"container\" data-e-type=\"container\">\n\t\t\t\t\t<div class=\"e-con-inner\">\n\t\t<div class=\"elementor-element elementor-element-d8b5713 e-con-full e-flex wpr-particle-no wpr-jarallax-no wpr-parallax-no wpr-sticky-section-no e-con e-child\" data-id=\"d8b5713\" data-element_type=\"container\" data-e-type=\"container\">\n\t\t\t\t<div class=\"elementor-element elementor-element-b7718bc elementor-widget elementor-widget-ct_accordion\" data-id=\"b7718bc\" data-element_type=\"widget\" data-e-type=\"widget\" data-widget_type=\"ct_accordion.default\">\n\t\t\t\t<div class=\"elementor-widget-container\">\n\t\t\t\t\t    <div id=\"ct_accordion-b7718bc\" class=\"ct-accordion layout1 \">\r\n                    <div class=\"ct-accordion-item \">\r\n                <div class=\"ct-ac-title \" data-target=\"#5ba9ac6ct_accordion-b7718bc\">\r\n                    <a class=\"ct-ac-title-text\">Qu\u2019est-ce qu&#039;un d\u00e9p\u00f4t d\u2019investissement Moudaraba ?<\/a>\r\n                <\/div>\r\n                <div id=\"5ba9ac6ct_accordion-b7718bc\" class=\"ct-ac-content\">Le d\u00e9p\u00f4t d\u2019investissement moudaraba est un service permettant d\u2019investir votre argent dans des op\u00e9rations de guichet bancaire islamique selon les r\u00e8gles charaiques de la moudaraba, y compris le principe de partage des b\u00e9n\u00e9fices et des pertes.<br \/>\nLe montant, la dur\u00e9e du d\u00e9p\u00f4t et la part de chaque partie (d\u00e9posant-banque) sont convenus \u00e0 l\u2019avance mais les b\u00e9n\u00e9fices sont distribu\u00e9s \u00e0 la fin de l\u2019exercice en fonction des r\u00e9sultats obtenus.<br \/>\n<\/div>\r\n            <\/div>\r\n                    <div class=\"ct-accordion-item \">\r\n                <div class=\"ct-ac-title \" data-target=\"#dc47a19ct_accordion-b7718bc\">\r\n                    <a class=\"ct-ac-title-text\">Qui peut en b\u00e9n\u00e9ficier\u202f?<\/a>\r\n                <\/div>\r\n                <div id=\"dc47a19ct_accordion-b7718bc\" class=\"ct-ac-content\">Peut b\u00e9n\u00e9ficier de ce produit toute personne physique ou morale Quelle que soit sa nature<br \/>\n<\/div>\r\n            <\/div>\r\n                    <div class=\"ct-accordion-item \">\r\n                <div class=\"ct-ac-title \" data-target=\"#b4417d5ct_accordion-b7718bc\">\r\n                    <a class=\"ct-ac-title-text\">Comment fonctionne le d\u00e9p\u00f4t en compte d\u2019investissement Moudaraba ?<\/a>\r\n                <\/div>\r\n                <div id=\"b4417d5ct_accordion-b7718bc\" class=\"ct-ac-content\"><br \/>\n1.\tSe pr\u00e9senter \u00e0 l\u2019agence, munis des pi\u00e8ces justificatives, pour l\u2019ouverture d\u2019un compte de d\u00e9p\u00f4t, et versement de votre argent,<br \/>\n2.\tRenseignement et Signature d\u2019une demande de souscription Moudaraba, en pr\u00e9cisant le montant et la dur\u00e9e de votre placement (entre 12 et 60 mois),<br \/>\n3.\tLe guichet islamique BDL investira votre argent uniquement dans des op\u00e9rations de finance islamique,<br \/>\n4.\tLa r\u00e9mun\u00e9ration est d\u00e9termin\u00e9e en fonction des r\u00e9sultats obtenus,<br \/>\n5.\tA la fin de dur\u00e9e de souscription, vous r\u00e9cup\u00e9rez votre argent et les gains, et vous renouvelez, si vous le souhaitez, votre souscription.<br \/>\n<\/div>\r\n            <\/div>\r\n            <\/div>\r\n\t\t\t\t<\/div>\n\t\t\t\t<\/div>\n\t\t\t\t<\/div>\n\t\t<div class=\"elementor-element elementor-element-7b6bf05 e-con-full e-flex wpr-particle-no wpr-jarallax-no wpr-parallax-no wpr-sticky-section-no e-con e-child\" data-id=\"7b6bf05\" data-element_type=\"container\" data-e-type=\"container\">\n\t\t\t\t<div class=\"elementor-element elementor-element-2de64f2 elementor-widget elementor-widget-ct_accordion\" data-id=\"2de64f2\" data-element_type=\"widget\" data-e-type=\"widget\" data-widget_type=\"ct_accordion.default\">\n\t\t\t\t<div class=\"elementor-widget-container\">\n\t\t\t\t\t    <div id=\"ct_accordion-2de64f2\" class=\"ct-accordion layout1 \">\r\n                    <div class=\"ct-accordion-item \">\r\n                <div class=\"ct-ac-title \" data-target=\"#6d4372cct_accordion-2de64f2\">\r\n                    <a class=\"ct-ac-title-text\">Quelles &quot;sont les conditions tarifaires appliqu\u00e9es dans le d\u00e9p\u00f4t en compte d\u2019investissement Moudaraba ?<\/a>\r\n                <\/div>\r\n                <div id=\"6d4372cct_accordion-2de64f2\" class=\"ct-ac-content\"><table><br \/>\n          <tr align=\"center\"><br \/>\n             <td><strong>Dur\u00e9e de d\u00e9p\u00f4t<\/strong><\/td><br \/>\n             <td><strong>Taux de profit cibl\u00e9<\/strong><\/td><br \/>\n          <\/tr><br \/>\n          <br \/>\n          <tr align=\"center\"><br \/>\n             <td>12 mois<\/td><br \/>\n            <td>1.75%<\/td><br \/>\n          <\/tr><br \/>\n<br \/>\n          <tr align=\"center\"><br \/>\n            <td>24 mois<\/td><br \/>\n            <td>2.25%<\/td><br \/>\n          <\/tr><br \/>\n          <tr align=\"center\"><br \/>\n            <td>24 \u00e0 36 mois<\/td><br \/>\n            <td>2.5%<\/td><br \/>\n          <\/tr><br \/>\n          <tr align=\"center\"><br \/>\n            <td>36 \u00e0 42 mois<\/td><br \/>\n            <td>2.75%<\/td><br \/>\n          <\/tr><br \/>\n          <tr align=\"center\"><br \/>\n            <td>42 \u00e0 48 mois<\/td><br \/>\n            <td>3.00%<\/td><br \/>\n          <\/tr><br \/>\n          <tr align=\"center\"><br \/>\n            <td>48 \u00e0 54 mois<\/td><br \/>\n            <td>3.25%<\/td><br \/>\n          <\/tr><br \/>\n          <tr align=\"center\"><br \/>\n            <td>54 \u00e0 60 mois<\/td><br \/>\n            <td>3.50%<\/td><br \/>\n          <\/tr><br \/>\n          <tr align=\"center\"><br \/>\n            <td>Comissions de gestion du d\u00e9p\u00f4t en compte d'investissement<\/td><br \/>\n            <td>0.00 DA<\/td><br \/>\n          <\/tr><br \/>\n<\/table><br \/>\nLe taux cibl\u00e9 ne peut en aucun cas \u00eatre garanti et ceci n\u2019est qu\u2019 \u00e0 titre indicatif.<\/div>\r\n            <\/div>\r\n                    <div class=\"ct-accordion-item \">\r\n                <div class=\"ct-ac-title \" data-target=\"#3bd6c6bct_accordion-2de64f2\">\r\n                    <a class=\"ct-ac-title-text\">Quels sont les avantages du d\u00e9p\u00f4t en compte d\u2019investissement Moudaraba ?<\/a>\r\n                <\/div>\r\n                <div id=\"3bd6c6bct_accordion-2de64f2\" class=\"ct-ac-content\">Gains : R\u00e9partition avantageuse et comp\u00e9titive ;<br \/>\nConformit\u00e9 : Vos fonds sont investis selon les m\u00e9canismes de la Finance Islamique et dans des projets conformes aux pr\u00e9ceptes de la Charia.<br \/>\n<\/div>\r\n            <\/div>\r\n            <\/div>\r\n\t\t\t\t<\/div>\n\t\t\t\t<\/div>\n\t\t\t\t<\/div>\n\t\t\t\t\t<\/div>\n\t\t\t\t<\/div>\n\t\t\t\t<\/div>\n\t\t","protected":false},"excerpt":{"rendered":"<p>D\u00e9p\u00f4ts en compte d\u2019investissement \u2013MOUDARABA Qu&#8217;est-ce que c&#8217;est ? Le d\u00e9p\u00f4t en compte d\u2019investissement \u2013MOUDARABA est un produit de placement, il permet au client d\u2019investir ses fonds dans des op\u00e9rations de la finance islamique, conform\u00e9ment aux pr\u00e9ceptes charaiques, y compris le principe de partage des pertes et des profits, et ce en fonction des r\u00e9sultats r\u00e9alis\u00e9s par l\u2019activit\u00e9 des guichets islamiques et la cl\u00e9 de r\u00e9partition convenue \u00e0 l\u2019avance Population concern\u00e9e\u00a0 Toute personne physique ou morale quelle que soit sa nature Dur\u00e9e La dur\u00e9e du placement s\u2019\u00e9tale de 12 \u00e0 60 mois renouvelables, Avantages Gains : R\u00e9partition avantageuse et comp\u00e9titive ; Conformit\u00e9 : Les fonds sont investis selon les m\u00e9canismes de la Finance Islamique et dans des projets conformes aux pr\u00e9ceptes de la Charia. FAQ Qu\u2019est-ce qu&#039;un d\u00e9p\u00f4t d\u2019investissement Moudaraba ? Le d\u00e9p\u00f4t d\u2019investissement moudaraba est un service permettant d\u2019investir votre argent dans des op\u00e9rations de guichet bancaire islamique selon les r\u00e8gles charaiques de la moudaraba, y compris le principe de partage des b\u00e9n\u00e9fices et des pertes. Le montant, la dur\u00e9e du d\u00e9p\u00f4t et la part de chaque partie (d\u00e9posant-banque) sont convenus \u00e0 l\u2019avance mais les b\u00e9n\u00e9fices sont distribu\u00e9s \u00e0 la fin de l\u2019exercice en fonction des r\u00e9sultats obtenus. Qui peut en b\u00e9n\u00e9ficier\u202f? Peut b\u00e9n\u00e9ficier de ce produit toute personne physique ou morale Quelle que soit sa nature Comment fonctionne le d\u00e9p\u00f4t en compte d\u2019investissement Moudaraba ? 1. Se pr\u00e9senter \u00e0 l\u2019agence, munis des pi\u00e8ces justificatives, pour l\u2019ouverture d\u2019un compte de d\u00e9p\u00f4t, et versement de votre argent, 2. Renseignement et Signature d\u2019une demande de souscription Moudaraba, en pr\u00e9cisant le montant et la dur\u00e9e de votre placement (entre 12 et 60 mois), 3. Le guichet islamique BDL investira votre argent uniquement dans des op\u00e9rations de finance islamique, 4. La r\u00e9mun\u00e9ration est d\u00e9termin\u00e9e en fonction des r\u00e9sultats obtenus, 5. A la fin de dur\u00e9e de souscription, vous r\u00e9cup\u00e9rez votre argent et les gains, et vous renouvelez, si vous le souhaitez, votre souscription. Quelles &quot;sont les conditions tarifaires appliqu\u00e9es dans le d\u00e9p\u00f4t en compte d\u2019investissement Moudaraba ? Dur\u00e9e de d\u00e9p\u00f4t Taux de profit cibl\u00e9 12 mois 1.75% 24 mois 2.25% 24 \u00e0 36 mois 2.5% 36 \u00e0 42 mois 2.75% 42 \u00e0 48 mois 3.00% 48 \u00e0 54 mois 3.25% 54 \u00e0 60 mois 3.50% Comissions de gestion du d\u00e9p\u00f4t en compte d&#8217;investissement 0.00 DA Le taux cibl\u00e9 ne peut en aucun cas \u00eatre garanti et ceci n\u2019est qu\u2019 \u00e0 titre indicatif. Quels sont les avantages du d\u00e9p\u00f4t en compte d\u2019investissement Moudaraba ? Gains : R\u00e9partition avantageuse et comp\u00e9titive ; Conformit\u00e9 : Vos fonds sont investis selon les m\u00e9canismes de la Finance Islamique et dans des projets conformes aux pr\u00e9ceptes de la Charia.<\/p>\n","protected":false},"author":1,"featured_media":7884,"parent":0,"menu_order":0,"comment_status":"closed","ping_status":"closed","template":"","meta":{"footnotes":""},"class_list":["post-7055","page","type-page","status-publish","has-post-thumbnail","hentry"],"_links":{"self":[{"href":"https:\/\/www.bdl.dz\/finance-islamique\/index.php?rest_route=\/wp\/v2\/pages\/7055","targetHints":{"allow":["GET"]}}],"collection":[{"href":"https:\/\/www.bdl.dz\/finance-islamique\/index.php?rest_route=\/wp\/v2\/pages"}],"about":[{"href":"https:\/\/www.bdl.dz\/finance-islamique\/index.php?rest_route=\/wp\/v2\/types\/page"}],"author":[{"embeddable":true,"href":"https:\/\/www.bdl.dz\/finance-islamique\/index.php?rest_route=\/wp\/v2\/users\/1"}],"replies":[{"embeddable":true,"href":"https:\/\/www.bdl.dz\/finance-islamique\/index.php?rest_route=%2Fwp%2Fv2%2Fcomments&post=7055"}],"version-history":[{"count":0,"href":"https:\/\/www.bdl.dz\/finance-islamique\/index.php?rest_route=\/wp\/v2\/pages\/7055\/revisions"}],"wp:featuredmedia":[{"embeddable":true,"href":"https:\/\/www.bdl.dz\/finance-islamique\/index.php?rest_route=\/wp\/v2\/media\/7884"}],"wp:attachment":[{"href":"https:\/\/www.bdl.dz\/finance-islamique\/index.php?rest_route=%2Fwp%2Fv2%2Fmedia&parent=7055"}],"curies":[{"name":"wp","href":"https:\/\/api.w.org\/{rel}","templated":true}]}}